 = -502 - w. What are the prime factors of o?
3, 11, 23
Let x(g) = g**3 + 39*g**2 + g + 62. Let i be x(-39). Let w(c) = 72*c + 417. List the prime factors of w(i).
3, 691
Suppose 4599 + 7340 = 2*o + y, -29865 = -5*o - 5*y. List the prime factors of o.
2, 19, 157
Suppose 5*g - 13 = -4*a, 0 + 2 = 2*g. What are the prime factors of 30370/110 + a/(-22)?
2, 3, 23
Let p be 54/(-6) + 1248 - -6. Let u = p + -294. List the prime factors of u.
3, 317
Let c = -14 - -18. Suppose -285 = s - c*s. List the prime factors of (-4 - 1) + s + -1.
89
Let y = -32106 + 36024. List the prime factors of y.
2, 3, 653
Let o(n) = 529*n**2 + 514*n + 5707. What are the prime factors of o(-11)?
2, 3, 3559
Let k = -63 + 161. Suppose 468 = 8*r + 4*r. Let m = k - r. List the prime factors of m.
59
Suppose 2995*f - 4*j - 64287 = 2994*f, 257148 = 4*f + 5*j. What are the prime factors of f?
3, 2381
Suppose -400*n + 8334093 = 6271613 - 8031120. What are the prime factors of n?
2, 11, 31, 37
Let w(j) = j**3 - 3*j**2 - 4*j - 4. Let r be w(5). Suppose 0 = 15*l + 8 - 1958. List the prime factors of r/l + 368/10.
37
Let o(u) be the second derivative of 47*u**4/24 + 19*u**3/3 - u**2 - 40*u. Let i(a) be the first derivative of o(a). What are the prime factors of i(4)?
2, 113
Let j(o) = 12*o**3 + 2*o**2 - 19*o + 8. What are the prime factors of j(4)?
2, 3, 61
Suppose 2*q = 3*a - 4306, 4*q - 57 = -53. List the prime factors of a.
2, 359
Let g = 144 + -148. What are the prime factors of (-4018)/(-18) - g/(-18)?
223
What are the prime factors of (230815/39 - 13)/((3/9)/1)?
2, 43, 103
Suppose -5*k - 2*i = 95, 4*k + 3*i + 56 = -27. Let m = 164 - k. Suppose -3*n - 118 = -u, 2*u = -0*u - 5*n + m. List the prime factors of u.
103
Suppose 0 = -5*i + 3*p - 310, 0 = -4*i - 15*p + 11*p - 216. Let c = i + 185. What are the prime factors of c?
2, 3, 7
Let h(a) = -561*a + 6. Let q be h(1). Let f = q + 785. List the prime factors of f.
2, 5, 23
Let q(n) = n**3 - 2*n**2 + 4*n + 174. Suppose -7*a = -5*a - j + 2, 0 = 4*a + 3*j - 6. What are the prime factors of q(a)?
2, 3, 29
Let x = 311 - 308. Suppose u + 2*b - 314 = 322, -x*b = -15. What are the prime factors of u?
2, 313
Suppose -3*b = -5*b - 2*f + 17084, -8*f = 8. List the prime factors of b.
8543
Suppose 4*g + 1125 = 3*r - 8*r, -3*r = g + 290. Let j = 432 + g. List the prime factors of j.
157
Let p(t) = -1596*t - 908. List the prime factors of p(-4).
2, 37
Let p(o) = o**2 - 10*o - 141. Let j be p(-8). Suppose -3595 = -j*u + 209. List the prime factors of u.
2, 317
Let v(w) = 2*w + 16. Suppose -n - 5*t - 7 = 0, -2*t - 6 + 20 = -2*n. Let q be v(n). What are the prime factors of q/3*(9 + 0)?
2, 3
Let x = 36 + -36. Let n be 3/((-2 + x)*(-1)/2). Suppose -n*i - i + 225 = 3*u, -2*i + 115 = u. What are the prime factors of i?
2, 3, 5
Let p(t) = t**3 - 17*t**2 - 17*t - 5. Let a be p(18). Let o = a + -13. Let q(v) = -v**2 - 7*v + 4. What are the prime factors of q(o)?
2
Suppose -17*t + 18*t - 3*l - 8804 = 0, -4*t + 35286 = -2*l. What are the prime factors of t?
5, 353
Let n(o) = 86*o**2 - 37*o + 1230. What are the prime factors of n(16)?
2, 47, 241
Suppose -3*d + 165 - 177 = 0. Let g be (-6)/d + (-175)/(-14). List the prime factors of -1*-11*(g + 5).
11, 19
Let r be 7/(28/6)*6. Suppose 1691 - 6506 = -r*g. Suppose 6*h + g = 1645. What are the prime factors of h?
5, 37
Let f(p) = p**2 + 4*p - 7. Let i be f(-5). Let a = -17 - i. Let b = a + 47. List the prime factors of b.
2
Let y(x) = x**2 + 73*x + 1989. List the prime factors of y(-57).
3, 359
List the prime factors of 4*(-1)/(-28)*7*1903.
11, 173
Let l(w) = 73 + 2*w**3 - w**2 - 7*w**3 - 21*w**2 + 6*w**3 + 29*w. List the prime factors of l(22).
3, 79
Let j(v) = -16*v**3 - v**2 + 50*v + 1118. What are the prime factors of j(-16)?
2, 3, 13, 29
Let j(z) = -809*z - 15346. What are the prime factors of j(-70)?
2, 10321
Suppose 4*u = 2*u - 5*t - 14720, -t = -u - 7374. List the prime factors of u/(-4) - (-54)/(-108).
2, 3, 307
Let z(s) = 24*s**2 - 40*s + 4. Let f be z(6). Let n = 897 - f. List the prime factors of n.
269
Suppose 0 = -h + 4*d + 5, 0 = h + 7*d - 2*d - 5. Suppose 0 = -h*p + m + 2655, 4*p + m = 4*m + 2135. List the prime factors of p.
2, 5, 53
Suppose -3916*w + 3903*w = -54873. What are the prime factors of w?
3, 7, 67
Let n = 111 + -107. Suppose -n*c - 55 = -5*r - 11, 17 = 2*r - c. Let j(b) = 32*b - 50. What are the prime factors of j(r)?
2, 103
Let h be (-4)/(-30) + (-24292)/(-60). Suppose 8*r = 4*r + 5*p + h, -2*r - 4*p + 170 = 0. Let f = r - -88. What are the prime factors of f?
3, 61
Let p = 25 - 19. Let x be 636/p*((-4)/8 - -3). Suppose 3*i + l + 3*l = 127, 5*i = 4*l + x. What are the prime factors of i?
7
List the prime factors of ((-12 + 9)*67)/((20/(-5))/228).
3, 19, 67
Suppose 0 = -2*n + 152 + 94. Suppose 3*a + 6*o = o - 85, n = -5*a + o. Let k = 93 + a. What are the prime factors of k?
2, 17
Suppose 4 + 59 = 3*y. Let h be 3 + 1 + -5 + y. Let q = h - -152. What are the prime factors of q?
2, 43
Suppose c + 4 = 0, 4*n - 88 = -18*c + 22*c. Let o = n + 1581. List the prime factors of o.
3, 13, 41
Let m(a) = 41*a**2 - 4*a + 11. Let x be m(7). Suppose -x = 4*j - 16*j. List the prime factors of j.
2, 83
Suppose 11*i - 153230 = 139115 - 88471. What are the prime factors of i?
2, 3, 3089
Let g(m) = 31*m + 532. List the prime factors of g(33).
5, 311
Let w be 654/(-15) - -4*2/(-20). Let r = w - -64. Let m = r - -17. List the prime factors of m.
37
Suppose 0 = j - 3, 0 = r + 5*j + 4823 - 54487. What are the prime factors of r?
131, 379
Suppose 8*l + 30 = -2*l. Let q be l/(21/(-12) - -1). Suppose -7*m + 330 = -q*m. What are the prime factors of m?
2, 5, 11
Suppose 560 = 28*n - 23*n. Suppose 3*q = j + 52 + 64, 3*q = 5*j + n. Let p = 115 - q. What are the prime factors of p?
2, 19
Let d(w) = w**3 - 18*w**2 + 45*w + 15. Let g be d(15). Suppose -g*t + 24*t = 6615. List the prime factors of t.
3, 5, 7
Let u(o) = -o**2 + 2*o + 24. Let p be u(-3). Let n = -39 + p. Let s = -18 - n. What are the prime factors of s?
2, 3
Let k(j) = -262*j**3 + 2*j**2 - j. Let x be k(1). Let p = x - -441. Let l = -88 + p. List the prime factors of l.
2, 23
Suppose 0 = g - 2*z - 3028, 30*g = 34*g + 2*z - 12082. List the prime factors of g.
2, 1511
Let y(k) = k**2 - 24*k - 48. Let h be y(16). Let x = 13 - h. List the prime factors of x.
3, 7
Let h(l) = -188*l - 35. Let f = 338 + -345. What are the prime factors of h(f)?
3, 7, 61
Suppose 32*t + 262314 = 110*t. List the prime factors of t.
3, 19, 59
Suppose -7*z + 4*z + 9 = 0. Suppose g + 3*q - 15 = 4*q, g = z*q + 13. Suppose 6*m + g = 46. List the prime factors of m.
5
Let p be (1*(-6)/4)/(1/(-2)). Suppose -h = -4*o + 6*o - 222, o - 661 = -p*h. What are the prime factors of h?
2, 5, 11
Suppose 4*i - 8*r = -9*r + 208483, 0 = -3*i + 14*r + 156495. What are the prime factors of i?
47, 1109
Suppose 6*n - n + 24950 = z, -124849 = -5*z - 8*n. List the prime factors of z.
5, 4993
Suppose 0 = 59*j - 64*j - t + 165446, -3*j = 3*t - 99246. What are the prime factors of j?
33091
Suppose -15*r + 5 = -175. What are the prime factors of r/30 + (-3865)/(-25)?
5, 31
Suppose -5*g - 640 = -5*t - 1940, 3*t = -3*g + 780. Suppose 0 = -19*x + 2780 + g. List the prime factors of x.
2, 5
Let u(t) be the second derivative of 127*t**3/3 + 29*t**2/2 + 30*t - 1. What are the prime factors of u(3)?
7, 113
Suppose -72 = o - 13*o. What are the prime factors of o*1*(-1920)/(-72)?
2, 5
Let y = -170 + 288. Suppose 0 = -2*u - 8, c + 2*u - y = -c. List the prime factors of (7/(c/(-318)))/((-3)/9).
2, 53
Let k be (-4 + 4 + -2)/(-1). Suppose -5*g + k*w - 6*w = -36, -2*g + 16 = 2*w. Let q = g + 89. List the prime factors of q.
3, 31
Suppose 7*n - 10*n = -198. Suppose 3*u - n = -24. Suppose -3*i + 5*a = -98, i - a - u = -4*a. List the prime factors of i.
2, 13
Let z(v) be the first derivative of -3*v**4/4 + 5*v**3/3 - v**2/2 - 2*v + 14. What are the prime factors of z(-4)?
2, 137
Let j = -36 + 1. Let k be j/(-14)*(-1 + 31). Suppose -5*q + k = -0*q. List the prime factors of q.
3, 5
Let b(n) = -18*n - 9. Suppose 0*r - 10 = 2*r. Let o be 64/(-20) + 4/r. List the prime factors of b(o).
3, 7
Let d(z) = -46*z**3 + 87*z - 14 - 38*z - 47*z. What are the prime factors of d(-3)?
2, 13, 47
Let x(d) be the third derivative of 59*d**5